3 composite?
True
Is 24197 prime?
True
Is 38447 a composite number?
False
Is 38217 a prime number?
False
Is 98489 a prime number?
False
Is 774337 prime?
True
Is 5113 a prime number?
True
Is 29297 a prime number?
True
Is 395407 composite?
False
Is 449921 a composite number?
False
Is 1222055 a prime number?
False
Is 8923 a composite number?
False
Is 297898 a prime number?
False
Is 53467 prime?
False
Is 4201 composite?
False
Is 79269 composite?
True
Is 650017 prime?
True
Is 11623 a prime number?
False
Is 260111 a composite number?
False
Is 62921 a composite number?
False
Is 22739 prime?
True
Is 7065239 a composite number?
False
Is 365649 composite?
True
Is 4533 a composite number?
True
Is 184153 a composite number?
False
Is 26551 composite?
True
Is 143599 a prime number?
False
Is 33491 prime?
False
Is 2253637 prime?
True
Is 10063 a prime number?
False
Is 180179 a composite number?
False
Is 445343 composite?
True
Is 2362637 a composite number?
False
Is 13241 a composite number?
False
Is 20071 prime?
True
Is 67519 composite?
True
Is 881291 a prime number?
False
Is 111029 a prime number?
True
Is 19541 composite?
False
Is 10623 prime?
False
Is 683 prime?
True
Is 206501 prime?
True
Is 440599 prime?
False
Is 2479 prime?
False
Is 55381 prime?
True
Is 18949 composite?
True
Is 7271 prime?
False
Is 3673543 a composite number?
True
Is 55267 a prime number?
False
Is 38501 prime?
True
Is 425993 a prime number?
False
Is 8423401 composite?
True
Is 20697 a composite number?
True
Is 1260403 a prime number?
False
Is 94049 a composite number?
False
Is 11351 prime?
True
Is 6619 a prime number?
True
Is 2102917 composite?
True
Is 2609 composite?
False
Is 14023 a prime number?
False
Is 808579 a composite number?
False
Is 83639 a composite number?
False
Is 51839 a composite number?
False
Is 39587 prime?
False
Is 3149 prime?
False
Is 9853 a prime number?
False
Is 389579 prime?
True
Is 508135 prime?
False
Is 11681 a composite number?
False
Is 3244139 a composite number?
True
Is 9983 a composite number?
True
Is 1067 a composite number?
True
Is 13501 a composite number?
True
Is 210747 a prime number?
False
Is 3924181 prime?
True
Is 62387 prime?
False
Is 1169569 composite?
True
Is 6947 composite?
False
Is 385709 composite?
False
Is 4153 a prime number?
True
Is 20987 prime?
False
Is 34631 composite?
False
Is 925142 composite?
True
Is 242929 prime?
False
Is 1266869 a composite number?
False
Is 39329 a prime number?
False
Is 8079 a composite number?
True
Is 42838 a composite number?
True
Is 130927 prime?
True
Is 1131821 a prime number?
True
Is 41333 prime?
True
Is 78466 a composite number?
True
Is 21313 a prime number?
True
Is 62365 composite?
True
Is 9511 prime?
True
Is 4193 a prime number?
False
Is 172933 prime?
True
Is 380927 a composite number?
True
Is 60289 a composite number?
False
Is 3394121 a composite number?
True
Is 182681 composite?
False
Is 2721 a prime number?
False
Is 113899 prime?
True
Is 111157 composite?
True
Is 92329 a prime number?
False
Is 5079 a composite number?
True
Is 7057 prime?
True
Is 1806683 a composite number?
False
Is 9778 prime?
False
Is 60077 a composite number?
False
Is 252013 a prime number?
True
Is 144439 composite?
False
Is 34271 a composite number?
True
Is 2053 composite?
False
Is 56831 prime?
False
Is 328093 composite?
False
Is 73613 a composite number?
False
Is 110281 composite?
False
Is 551557 a composite number?
False
Is 2767 a composite number?
False
Is 31159 a prime number?
True
Is 1363 a composite number?
True
Is 25689 composite?
True
Is 622691 a composite number?
True
Is 195253 composite?
False
Is 5099 composite?
False
Is 100559 composite?
False
Is 1949 prime?
True
Is 136333 composite?
False
Is 6619 composite?
False
Is 3442 prime?
False
Is 894091 composite?
True
Is 1161323 prime?
False
Is 88429 prime?
False
Is 1399 prime?
True
Is 109787 a prime number?
False
Is 9179 a prime number?
False
Is 3299 composite?
False
Is 76597 prime?
True
Is 294383 prime?
True
Is 5045 prime?
False
Is 9167 prime?
False
Is 500959 a prime number?
False
Is 144479 a composite number?
False
Is 5189 prime?
True
Is 29987 a prime number?
False
Is 102137 a composite number?
True
Is 699931 a composite number?
False
Is 1924793 composite?
True
Is 156167 composite?
True
Is 5779 a prime number?
True
Is 953083 a prime number?
False
Is 91473 a prime number?
False
Is 134989 composite?
False
Is 24869 composite?
True
Is 1584389 a composite number?
False
Is 16597 a prime number?
False
Is 9655 composite?
True
Is 25367 composite?
False
Is 1477 prime?
False
Is 778823 prime?
False
Is 293719 a composite number?
True
Is 50497 prime?
True
Is 44071 composite?
False
Is 108863 prime?
True
Is 2138053 prime?
False
Is 74615 composite?
True
Is 155609 prime?
True
Is 254 composite?
True
Is 21955 prime?
False
Is 29123 composite?
False
Is 17191 prime?
True
Is 12643 a composite number?
True
Is 35023 prime?
True
Is 48935 a composite number?
True
Is 17693 a composite number?
True
Is 208111 a composite number?
False
Is 14961 composite?
True
Is 110969 composite?
False
Is 36721 prime?
True
Is 294821 composite?
False
Is 33679 a prime number?
True
Is 2813 a prime number?
False
Is 1041 a composite number?
True
Is 2743691 a composite number?
False
Is 52495 a composite number?
True
Is 154709 a composite number?
True
Is 138667 a composite number?
True
Is 3925327 a prime number?
False
Is 553 a composite number?
True
Is 74597 composite?
False
Is 31973 a prime number?
True
Is 152013 prime?
False
Is 409 composite?
False
Is 12661 prime?
False
Is 63694 composite?
True
Is 8849 composite?
False
Is 49057 a composite number?
False
Is 7739 a composite number?
True
Is 428731 a composite number?
False
Is 6757 prime?
False
Is 122831 a prime number?
False
Is 27203 composite?
True
Is 21313 prime?
True
Is 25013 a composite number?
False
Is 37491 a composite number?
True
Is 251 prime?
True
Is 19297 prime?
False
Is 799 a prime number?
False
Is 88045 a prime number?
False
Is 320899 a prime number?
True
Is 2333 prime?
True
Is 42629 a composite number?
True
Is 6245 a composite number?
True
Is 13441 a prime number?
True
Is 406037 prime?
True
Is 6421 a composite number?
False
Is 48259 a composite number?
False
Is 601603 prime?
False
Is 1693411 composite?
False
Is 54371 a prime number?
True
Is 1559 composite?
False
Is 14941 prime?
False
Is 285221 a composite number?
False
Is 58553 a composite number?
True
Is 99191 a prime number?
True
Is 16343 prime?
False
Is 99961 composite?
False
Is 1346243 a prime number?
True
Is 1505017 prime?
False
Is 27953 a prime number?
True
Is 684407 a composite number?
False
Is 158293 a prime number?
True
Is 2179 a prime number?
True
Is 323 a composite number?
True
Is 1485413 prime?
True
Is 24749 composite?
False
Is 324127 composite?
True
Is 120067 composite?
False
Is 28883 a prime number?
False
Is 20771 prime?
True
Is 189811 a prime number?
False
Is 9977 a prime number?
False
Is 413651 a prime number?
False
Is 101299 composite?
True
Is 19937 a prime number?
True
Is 1316479 a composite number?
False
Is 419947 a composite number?
True
Is 173473 composite?
False
Is 4095935 a prime number?
False
Is 7817 composite?
False
Is 177739 a composite number?
False
Is 427279 prime?
True
Is 23771 prime?
False
Is 6121 prime?
True
Is 10171 a prime number?
False
Is 104621 a prime number?
False
Is 205385 composite?
True
Is 382337 composite?
True
Is 109749 a composite number?
True
Is 42031 a composite number?
True
Is 50689 a prime number?
False
Is 5959 prime?
False
Is 12437 a composite number?
False
Is 1764947 a composite number?
True
Is 897383 a prime number?
False
Is 16255 a prime number?
False
Is 54083 composite?
False
Is 67499 a composite number?
False
Is 9103 composite?
False
Is 9983 a prime number?
False
Is 261847 a composite number?
False
Is 17769 composite?
True
Is 884693 a prime number?
True
Is 47621 composite?
True
Is 576377 a composite number?
False
Is 563 a composite number?
False
Is 70865 composite?
True
Is 132901 a composite number?
True
Is 39329 a composite number?
True
Is 1397 prime?
False
Is 310211 prime?
False
Is 1227769 prime?
True
Is 23441 a prime number?
False
Is 15161 a composite number?
False
Is 620159 composite?
False
Is 122527 a prime number?
True
Is 4831 composite?
False
Is 2539 a composite n